ime?
False
Is 476689 a prime number?
False
Is 1962461 a composite number?
False
Is 1458761 prime?
False
Is 199151 prime?
True
Is 155729 composite?
True
Is 1817 composite?
True
Is 8563 a prime number?
True
Is 888533 a composite number?
False
Is 146973 prime?
False
Is 5347 prime?
True
Is 2005 a prime number?
False
Is 869347 a prime number?
False
Is 4411 a prime number?
False
Is 59441 a composite number?
False
Is 545641 a composite number?
False
Is 125569 prime?
False
Is 718399 composite?
True
Is 55433 prime?
False
Is 152601 a composite number?
True
Is 2615 a composite number?
True
Is 346169 prime?
True
Is 709637 a composite number?
True
Is 106039 composite?
True
Is 6787 composite?
True
Is 5711 composite?
False
Is 167701 a composite number?
True
Is 298513 a prime number?
True
Is 34681 a prime number?
False
Is 4065791 composite?
True
Is 1165 prime?
False
Is 9917 prime?
False
Is 301507 composite?
True
Is 45443 composite?
True
Is 1139519 prime?
True
Is 7817 a composite number?
False
Is 99271 prime?
False
Is 2398745 prime?
False
Is 662 a composite number?
True
Is 172847 composite?
True
Is 23369 a prime number?
True
Is 5603 a prime number?
False
Is 65761 prime?
True
Is 35927 prime?
False
Is 40801 a prime number?
True
Is 136979 a prime number?
True
Is 244087 a prime number?
True
Is 1555105 a composite number?
True
Is 132817 prime?
True
Is 262303 a composite number?
False
Is 1087 prime?
True
Is 3683 composite?
True
Is 286487 a composite number?
False
Is 504269 prime?
True
Is 58189 prime?
True
Is 1551343 prime?
True
Is 98357 prime?
False
Is 133753 composite?
True
Is 44351 a composite number?
False
Is 17471 a prime number?
True
Is 14479 prime?
True
Is 235951 prime?
True
Is 115886 composite?
True
Is 2811 a composite number?
True
Is 7517 composite?
False
Is 233639 prime?
False
Is 239999 prime?
True
Is 170081 a composite number?
False
Is 8327 a composite number?
True
Is 32933 a prime number?
True
Is 8639 a prime number?
False
Is 1122967 a prime number?
False
Is 151883 prime?
True
Is 72537 composite?
True
Is 1488239 composite?
False
Is 147311 composite?
False
Is 186457 composite?
True
Is 176849 a composite number?
False
Is 7753 prime?
True
Is 13063 prime?
True
Is 3989 a prime number?
True
Is 45053 composite?
False
Is 214639 prime?
True
Is 26735 prime?
False
Is 833491 a prime number?
True
Is 572842 prime?
False
Is 1722586 a composite number?
True
Is 1507 composite?
True
Is 49255 a prime number?
False
Is 174911 a composite number?
True
Is 258667 a composite number?
True
Is 5755 composite?
True
Is 2341411 composite?
False
Is 263123 a prime number?
False
Is 118651 composite?
True
Is 70259 composite?
True
Is 3690539 a prime number?
True
Is 15707 a composite number?
True
Is 26903 a composite number?
False
Is 5489 a composite number?
True
Is 46559 composite?
False
Is 187211 composite?
False
Is 3047149 prime?
False
Is 1881983 a composite number?
False
Is 956987 composite?
False
Is 8059 composite?
False
Is 473549 prime?
True
Is 737 prime?
False
Is 459593 a composite number?
False
Is 20571 a composite number?
True
Is 37 prime?
True
Is 501431 a composite number?
True
Is 14173 prime?
True
Is 61159 a prime number?
False
Is 79327 a prime number?
False
Is 10193 a prime number?
True
Is 5939 composite?
False
Is 161347 prime?
False
Is 62429 composite?
True
Is 38411 composite?
True
Is 2214319 a prime number?
True
Is 18517 a prime number?
True
Is 11383 composite?
False
Is 594647 a prime number?
False
Is 145417 a composite number?
False
Is 16217 prime?
True
Is 8653 prime?
False
Is 11314 composite?
True
Is 366503 composite?
True
Is 11785 prime?
False
Is 404801 prime?
False
Is 173321 a composite number?
True
Is 781147 a prime number?
False
Is 9179 a composite number?
True
Is 1094339 prime?
True
Is 7723 prime?
True
Is 1047617 prime?
False
Is 528233 composite?
True
Is 1637 prime?
True
Is 3221 composite?
False
Is 498493 prime?
True
Is 52657 composite?
True
Is 2939449 prime?
True
Is 5245 prime?
False
Is 1515077 a prime number?
False
Is 758267 a prime number?
True
Is 34043 a prime number?
False
Is 6895139 prime?
True
Is 54709 a composite number?
False
Is 170537 a composite number?
False
Is 7859 prime?
False
Is 444253 prime?
True
Is 228583 a composite number?
True
Is 10627 composite?
False
Is 43 a composite number?
False
Is 58189 a composite number?
False
Is 416477 a composite number?
False
Is 115727 a prime number?
True
Is 181483 a prime number?
False
Is 90689 prime?
False
Is 110807 prime?
True
Is 309059 composite?
False
Is 3571 prime?
True
Is 76295 a prime number?
False
Is 936827 prime?
True
Is 1596563 prime?
True
Is 258653 a prime number?
False
Is 14083 composite?
False
Is 40009 a prime number?
True
Is 94289 a composite number?
True
Is 1276153 a composite number?
True
Is 214759 a composite number?
False
Is 43471 a composite number?
True
Is 23263 a prime number?
False
Is 6779 prime?
True
Is 112769 composite?
True
Is 3007 a prime number?
False
Is 13231 composite?
True
Is 2290207 prime?
True
Is 113717 a composite number?
False
Is 17959 prime?
True
Is 13479 a prime number?
False
Is 306613 composite?
True
Is 129169 a composite number?
False
Is 197605 prime?
False
Is 6349 a composite number?
True
Is 25433 prime?
False
Is 42649 prime?
True
Is 2927 prime?
True
Is 769 prime?
True
Is 5779 prime?
True
Is 88117 composite?
False
Is 128005 a prime number?
False
Is 19147 prime?
False
Is 1837 composite?
True
Is 203 a prime number?
False
Is 26513 prime?
True
Is 614 composite?
True
Is 8887 composite?
False
Is 382463 a composite number?
False
Is 19373 a composite number?
False
Is 86969 a composite number?
False
Is 2359 prime?
False
Is 9941 a composite number?
False
Is 14909 a prime number?
False
Is 127883 a prime number?
False
Is 178 prime?
False
Is 73237 prime?
True
Is 3147 composite?
True
Is 39327 a composite number?
True
Is 1312079 a composite number?
False
Is 377 prime?
False
Is 43391 a composite number?
False
Is 5724595 a prime number?
False
Is 40691 composite?
True
Is 571741 composite?
False
Is 45943 composite?
False
Is 926 composite?
True
Is 149803 a prime number?
True
Is 61262 prime?
False
Is 380179 a prime number?
True
Is 78187 a prime number?
False
Is 329813 a prime number?
False
Is 14879 a composite number?
False
Is 14981 composite?
True
Is 23147 a composite number?
True
Is 76471 prime?
True
Is 15299 a composite number?
False
Is 18805 composite?
True
Is 2123321 prime?
False
Is 56391 prime?
False
Is 25453 a composite number?
False
Is 22051 a prime number?
True
Is 8809 a prime number?
False
Is 72431 composite?
False
Is 1471 a composite number?
False
Is 59834 composite?
True
Is 1731515 composite?
True
Is 143651 composite?
False
Is 9337 composite?
False
Is 2495597 a composite number?
True
Is 552469 composite?
False
Is 2599 prime?
False
Is 119663 composite?
True
Is 307 a composite number?
False
Is 88017 a prime number?
False
Is 37945 prime?
False
Is 5899 a composite number?
True
Is 976033 prime?
True
Is 6183935 composite?
True
Is 546641 prime?
False
Is 59726 a prime number?
False
Is 38509 a prime number?
False
Is 608059 prime?
False
Is 4493 composite?
False
Is 93581 a prime number?
True
Is 6598 composite?
True
Is 9182 a prime number?
False
Is 8923 prime?
True
Is 9289 a composite number?
True
Is 59821 composite?
True
Is 1196671 composite?
True
Is 40193 prime?
True
Is 41991 a composite number?
True
Is 1747 prime?
True
Is 13649 composite?
False
Is 199453 prime?
True
Is 578647 a composite number?
False
Is 68287 composite?
True
Is 148061 a prime number?
True
Is 18269 prime?
True
Is 5897 prime?
True
Is 16367 prime?
False
Is 2922643 prime?
False
Is 4377 a composite number?
True
Is 2487 a composite number?
True
Is 109987 composite?
False
Is 15803 a prime number?
True
Is 11582 a composite number?
True
Is 752351 composite?
False
Is 6947 a prime number?
True
Is 5149 a composite number?
True
Is 650306 composite?
True
Is 19121 composite?
False
Is 1122259 composite?
False
Is 1011 a prime number?
False
Is 438319 composite?
True
Is 6259 composite?
True
Is 42815 a prime number?
False
Is 17203 composite?
False
Is 37529 a prime number?
True
Is 20627 a composite number?
False
Is 70937 a composite number?
False
Is 85771 a prime number?
False
Is 30691 prime?
False
Is 23957 prime?
True
Is 18461 composite?
False
Is 